?
2
What is the millions digit of 2194559832?
4
What is the hundreds digit of 7377791290?
2
What is the units digit of 323440372?
2
What is the hundred thousands digit of 70861025?
8
What is the ten thousands digit of 204238427?
3
What is the ten thousands digit of 47277855?
7
What is the ten millions digit of 2745216336?
4
What is the hundreds digit of 23302394?
3
What is the hundred thousands digit of 608943558?
9
What is the hundred thousands digit of 25565098?
5
What is the hundreds digit of 491980214?
2
What is the millions digit of 953723627?
3
What is the hundreds digit of 501723295?
2
What is the hundreds digit of 844249799?
7
What is the units digit of 348889956?
6
What is the millions digit of 231591572?
1
What is the tens digit of 311827520?
2
What is the ten thousands digit of 2055316835?
1
What is the tens digit of 1541094381?
8
What is the ten thousands digit of 39041668?
4
What is the ten thousands digit of 18187827?
8
What is the thousands digit of 169554644?
4
What is the ten millions digit of 1559377513?
5
What is the ten millions digit of 692899906?
9
What is the millions digit of 87262201?
7
What is the thousands digit of 126815261?
5
What is the hundred millions digit of 1203663156?
2
What is the millions digit of 60642931?
0
What is the hundreds digit of 2858700394?
3
What is the hundred thousands digit of 29983762?
9
What is the units digit of 5048829?
9
What is the units digit of 2013371277?
7
What is the tens digit of 82871936?
3
What is the hundreds digit of 156870044?
0
What is the hundreds digit of 557079032?
0
What is the hundreds digit of 1176494505?
5
What is the hundred millions digit of 1575102091?
5
What is the hundred thousands digit of 2343233198?
2
What is the hundred thousands digit of 1343280332?
2
What is the thousands digit of 10058868?
8
What is the ten millions digit of 27328484?
2
What is the ten millions digit of 1111891779?
1
What is the billions digit of 3657901042?
3
What is the hundreds digit of 3009810235?
2
What is the hundred millions digit of 250682438?
2
What is the hundreds digit of 5066103?
1
What is the billions digit of 1901974654?
1
What is the units digit of 156198443?
3
What is the ten millions digit of 52741708?
5
What is the millions digit of 48903336?
8
What is the units digit of 16119809?
9
What is the millions digit of 8645277?
8
What is the hundreds digit of 172692986?
9
What is the thousands digit of 99025578?
5
What is the hundreds digit of 6758599194?
1
What is the hundred thousands digit of 324659532?
6
What is the hundred thousands digit of 377050787?
0
What is the ten millions digit of 150497346?
5
What is the thousands digit of 34997855?
7
What is the thousands digit of 56113339?
3
What is the hundreds digit of 304724944?
9
What is the ten thousands digit of 7711918?
1
What is the ten millions digit of 1301777113?
0
What is the tens digit of 531547021?
2
What is the units digit of 1245684202?
2
What is the ten millions digit of 374041569?
7
What is the hundred thousands digit of 8547772096?
7
What is the ten millions digit of 258777276?
5
What is the ten thousands digit of 72483959?
8
What is the hundred thousands digit of 1879020125?
0
What is the millions digit of 61625250?
1
What is the millions digit of 888736125?
8
What is the thousands digit of 4476841352?
1
What is the hundreds digit of 17930063?
0
What is the hundreds digit of 4377940803?
8
What is the ten millions digit of 1741710210?
4
What is the ten thousands digit of 1769365390?
6
What is the millions digit of 2246999096?
6
What is the hundreds digit of 242692769?
7
What is the units digit of 155514554?
4
What is the thousands digit of 4900286780?
6
What is the tens digit of 5727673806?
0
What is the ten millions digit of 1174803968?
7
What is the millions digit of 1686935629?
6
What is the billions digit of 4079620901?
4
What is the hundreds digit of 6364934893?
8
What is the millions digit of 230175000?
0
What is the hundred thousands digit of 1284724296?
7
What is the hundred thousands digit of 112176013?
1
What is the hundred thousands digit of 282199174?
1
What is the ten millions digit of 1778211474?
7
What is the tens digit of 13047339?
3
What is the hundred thousands digit of 40218549?
2
What is the hundred thousands digit of 156078080?
0
What is the hundred millions digit of 269796192?
2
What is the millions digit of 2617222552?
7
What is the hundred thousands digit of 48749951?
7
What is the millions digit of 2083286767?
3
What is the hundred millions digit of 147911703?
1
What is the ten millions digit of 1890248556?
9
What is the hundred thousands digit of 86006534?
0
What is the thousands digit of 238522269?
2
What is the ten thousands digit of 406276992?
7
What is the hundred millions digit of 662149295?
6
What is the hundreds digit of 62699098?
0
What is the units digit of 6135661?
1
What is the ten thousands digit of 568263205?
6
What is the thousands digit of 208726584?
6
What is the thousands digit of 543902609?
2
What is the ten thousands digit of 288660092?
6
What is the thousands digit of 111287657?
7
What is the millions digit of 42453676?
2
What is the thousands digit of 590499165?
9
What is the hundreds digit of 2571170010?
0
What is the thousands digit of 161686512?
6
What is the thousands digit of 4157565770?
5
What is the hundreds digit of 5793411479?
4
What is the millions digit of 211098719?
1
What is the hundred millions digit of 603361041?
6
What is the ten thousands digit of 238501408?
0
What is the hundreds digit of 239681554?
5
What is the millions digit of 71770922?
1
What is the thousands digit of 118848313?
8
What is the thousands digit of 3223111349?
1
What is the ten thousands digit of 195519004?
1
What is the hundred millions digit of 895497544?
8
What is the ten thousands digit of 37109028?
0
What is the ten thousands digit of 1156539156?
3
What is the millions digit of 23186841?
3
What is the ten millions digit of 219033523?
1
What is the hundreds digit of 313074545?
5
What is the units digit of 41689137?
7
What is the hundreds digit of 91562462?
4
What is the tens digit of 117275063?
6
What is the hundreds digit of 218412444?
4
What is the ten millions digit of 2739363317?
3
What is the tens digit of 112494682?
8
What is the ten millions digit of 1097603032?
9
What is the tens digit of 58321036?
3
What is the hundred thousands digit of 12263529?
2
What is the ten millions digit of 557913426?
5
What is the thousands digit of 633084199?
4
What is the millions digit of 4506058838?
6
What is the hundred millions digit of 2480104503?
4
What is the thousands digit of 75685932?
5
What is the hundred thousands digit of 37734595?
7
What is the millions digit of 3957733274?
7
What is the hundred millions digit of 132207258?
1
What is the hundred thousands digit of 25109769?
1
What is the hundred thousands digit of 283362244?
3
What is the hundreds digit of 18604269?
2
What is the millions digit of 932297775?
2
What is the thousands digit of 54653702?
3
What is the hundred thousands digit of 1057366554?
3
What is the units digit of 126083880?
0
What is the hundred thousands digit of 4765409222?
4
What is the thousands digit of 381797205?
7
What is the tens digit of 36148472?
7
What is the thousands digit of 678010946?
0
What is the units digit of 861376183?
3
What is the hundreds digit of 285865205?
2
What is the thousands digit of 989699839?
9
What is the thousands digit of 2321414153?
4
What is the ten thousands digit of 168557439?
5
What is the hundred thousands digit of 347921626?
9
What is the tens digit of 42968352?
5
What is the hundreds digit of 42922828?
8
What is the ten thousands digit of 28950544?
5
What is the thousands digit of 1491618464?
8
What is the millions digit of 117400138?
7
What is the hundreds digit of 47859071?
0
What is the thousands digit of 280002137?
2
What is the thousands digit of 1678087116?
7
What is the units digit of 522261352?
2
What is the tens digit of 302073634?
3
What is the millions digit of 2151521876?
1
What is the thousands digit of 52894488?
4
What is the hundred thousands digit of 504093705?
0
What is the hundreds digit of 18534059?
0
What is the hundred thousands digit of 45389615?
3
What is the billions digit of 1316399038?